
Let o(k) = -5*k**3 - k**2 + 849*k. Give o(0).
0
Let x(r) = -3603*r**2 + 32351*r + 678. What is x(9)?
-6
Let t(k) = 194*k + 38757. Give t(-200).
-43
Let a(q) = 33*q**2 - 1286*q - 5117. Give a(-4).
555
Let s(c) = 13*c**3 + 89*c**2 + 92*c + 152. Calculate s(-6).
-4
Let f(b) = 19066*b - 379733. Give f(20).
1587
Let h(t) = -228*t - 2788. Give h(-15).
632
Let p(g) = 3*g**2 + 104*g - 2545. Calculate p(-51).
-46
Let f(k) = -2453*k - 547024. Calculate f(-223).
-5
Let q(i) = -2059*i - 1136573. Determine q(-552).
-5
Let q(n) = -n**3 + 370*n**2 - 1256*n + 57348. Calculate q(367).
463
Let i(v) = 26415*v - 79245. Determine i(3).
0
Let w(h) = 9245*h - 554265. What is w(60)?
435
Let q(o) = -o**2 + 161*o + 7657. Determine q(199).
95
Let n(z) = -583*z + 290438. What is n(498)?
104
Let c(b) = 4*b**2 + 694*b - 29185. Give c(35).
5
Let m(q) = -2*q**2 + 152*q + 537. Give m(81).
-273
Let j(z) = -2*z**3 - 92*z**2 - 769*z - 22049. Give j(-43).
-76
Let j(d) = d**3 - 135*d**2 - 57713*d + 6019. Calculate j(317).
-4
Let r(a) = a**2 - 222*a + 981. Determine r(217).
-104
Let c(k) = -96247*k - 1924935. What is c(-20)?
5
Let m(u) = u**3 - 8409*u**2 + 8406*u + 3. Give m(1).
1
Let k(j) = 1052*j + 265092. Give k(-252).
-12
Let o(h) = h**3 - 25*h**2 - 228*h + 7. Calculate o(-7).
35
Let c(n) = -2*n**3 + 4*n**2 + 5246*n - 26205. What is c(5)?
-125
Let v(i) = 2056*i + 6207. Calculate v(-3).
39
Let m(n) = -227*n**3 + 554*n**2 - 71*n - 3. Give m(2).
255
Let d(g) = -7865*g - 23587. Give d(-3).
8
Let q(w) = -6*w**3 + 71*w**2 - 33*w - 13. Calculate q(14).
-3023
Let k(b) = b**2 - 672*b - 241086. Determine k(-259).
43
Let z(r) = 89*r - 7819. What is z(92)?
369
Let b(j) = j**3 + 8*j**2 - 112*j + 183. Determine b(7).
134
Let q(f) = 92*f - 6255. Calculate q(77).
829
Let s(x) = -6615*x + 13395357. Determine s(2025).
-18
Let a(b) = -2*b**2 - 36690*b + 881719. Give a(24).
7
Let h(g) = 16*g**3 - 16*g**2 + 5*g - 49. What is h(-3)?
-640
Let u(n) = -2*n**3 - 2*n**2 + 254*n - 993. Give u(7).
1
Let y(u) = 9117*u + 1960164. Give y(-215).
9
Let d(a) = -14*a**2 - 1618*a + 11286. What is d(7)?
-726
Let r(h) = -h**3 + 52*h**2 + 313*h + 12. Give r(-6).
222
Let l(w) = 41*w**2 - 4038*w + 4034. What is l(1)?
37
Let o(h) = 2*h**3 - 10*h**2 - 11960*h + 47864. Give o(4).
-8
Let p(r) = r**2 + 1787*r - 319956. What is p(164)?
8
Let j(x) = 319048*x - 6061924. Calculate j(19).
-12
Let d(a) = 23*a**2 + 299*a + 873. Determine d(-8).
-47
Let p(z) = 4*z**2 - 20842*z - 145919. Determine p(-7).
171
Let n(g) = -2*g**3 + 41*g**2 + 41*g + 27. Calculate n(22).
-523
Let z(o) = 383*o**2 + 3587*o + 1265. What is z(-9)?
5
Let r(u) = -4*u**3 + 121*u**2 + 307*u - 6740. What is r(31)?
-106
Let j(x) = -3*x**2 + 67*x + 1689. What is j(-19)?
-667
Let n(o) = -o**3 + 29*o**2 + 50*o + 418. Calculate n(31).
46
Let h(i) = -17220*i - 51497. What is h(-3)?
163
Let y(q) = -q**3 + 136*q**2 + 2606*q - 153. Give y(153).
612
Let w(j) = -4*j**2 + 2679*j - 74331. Calculate w(29).
-4
Let b(q) = -30*q**2 - 10486*q + 4983. Give b(-350).
83
Let r(t) = 8*t**3 + 2*t**2 - 1601*t + 76. What is r(14)?
6
Let y(l) = 11525*l - 11521. Determine y(1).
4
Let o(y) = y**2 + 8049*y + 64336. Give o(-8).
8
Let u(p) = -8*p**3 + 336*p**2 - 1725*p - 22. Calculate u(6).
-4
Let m(v) = 4*v**2 + 19*v - 85. Calculate m(8).
323
Let a(d) = 7551*d - 257203. Give a(34).
-469
Let w(b) = b**3 - 3*b**2 + 400*b + 1258. Determine w(-3).
4
Let j(u) = -112*u**2 + 581*u + 9. What is j(5)?
114
Let i(c) = 9*c**2 + 911*c + 3540. Give i(-4).
40
Let v(t) = 306*t**2 + 2140*t + 30. What is v(-7)?
44
Let h(b) = -30*b**2 - 643*b - 373. Determine h(-21).
-100
Let d(k) = k**3 - 15*k**2 - 35. Give d(7).
-427
Let h(z) = 12*z**2 - 333*z - 1585. Determine h(-5).
380
Let s(h) = 4*h**3 - 2315*h**2 + 17703*h - 1108. Give s(571).
34
Let a(c) = -679*c + 24560. Determine a(36).
116
Let v(d) = 27*d + 4453. Determine v(-157).
214
Let m(y) = -y**3 + 33*y**2 + 21*y - 3104. What is m(30)?
226
Let b(w) = -27361*w + 1121444. Calculate b(41).
-357
Let g(x) = 2*x**3 + 434*x**2 - 844*x + 733. What is g(-219)?
-6275
Let d(v) = -22148*v + 398116. What is d(18)?
-548
Let m(b) = -6*b**2 - 220*b + 1946. Give m(-44).
10
Let z(v) = 456*v**2 + 15058*v + 253. Calculate z(-33).
-77
Let z(n) = 5*n**3 - 93*n**2 + 6009*n - 107192. What is z(18)?
-2
Let c(t) = t**3 - 38*t**2 - 222*t + 331. Determine c(43).
30
Let g(x) = -50*x**2 - 3357*x + 72. Determine g(-67).
541
Let m(q) = -14*q**2 - 566*q + 423. Give m(-40).
663
Let r(p) = p**3 - 9*p**2 - 556*p + 907. Determine r(28).
235
Let v(x) = 4*x**3 + 191*x**2 - 241*x + 232. Determine v(-49).
36
Let i(f) = 3650*f + 109504. Determine i(-30).
4
Let d(v) = 4*v**2 - 26*v - 564. Determine d(9).
-474
Let t(r) = -11*r**2 - 6692*r + 4259. What is t(-609)?
-4
Let u(i) = 3079*i - 30921. Give u(10).
-131
Let r(y) = -y**3 + 63*y**2 - 141*y - 142. Determine r(3).
-25
Let z(g) = -165*g - 49048. Determine z(-297).
-43
Let l(y) = -4625*y - 152624. Calculate l(-33).
1
Let y(r) = 49*r**3 + 4*r**2 + 59*r + 118. What is y(-2)?
-376
Let q(m) = 2*m**3 - 46*m**2 - 429*m + 90. What is q(29)?
-2259
Let n(h) = -109658*h - 986883. Give n(-9).
39
Let j(d) = 371*d + 45647. Give j(-117).
2240
Let l(o) = 2452*o - 87116. What is l(37)?
3608
Let g(n) = 133838*n - 803022. Determine g(6).
6
Let s(x) = -159*x - 956. Determine s(-10).
634
Let f(z) = -14*z**3 - 184*z**2 - 310*z + 216. Give f(-11).
-4
Let z(s) = -5*s**2 - 67*s - 279. Give z(-4).
-91
Let f(r) = 1180*r + 10798. Give f(-9).
178
Let k(u) = 601*u - 11393. Determine k(17).
-1176
Let o(q) = -q**2 + 352*q + 10505. What is o(-28)?
-135
Let z(o) = -o**2 + 7435*o + 3010714. Determine z(-385).
14
Let s(v) = -v**3 - 170*v**2 + 144*v - 4599. What is s(-171)?
18
Let b(a) = -144020*a + 9. What is b(0)?
9
Let b(v) = -2*v**3 + 45*v**2 + 46*v - 114. Determine b(-2).
-10
Let a(m) = m**3 - 113*m**2 - 232*m + 167. What is a(115)?
-63
Let s(i) = -8634*i - 596020. Calculate s(-69).
-274
Let i(q) = -q**2 + 556*q - 49992. Give i(113).
67
Let f(a) = a**3 + 238*a**2 - 1631*a - 496322. What is f(-236)?
-14
Let f(a) = 48108*a - 28383711. Give f(590).
9
Let h(p) = p**3 + 111*p**2 - 2275*p + 6065. Determine h(-129).
2
Let f(y) = 6*y**3 - 887*y**2 - 196*y + 6918. Calculate f(148).
-186
Let p(v) = 22395*v + 336061. What is p(-15)?
136
Let v(j) = 23*j**2 + 810*j - 84. Determine v(-35).
-259
Let i(l) = -l**3 + 37*l**2 - 177*l + 5004. Calculate i(36).
-72
Let w(q) = 240*q**2 - 2843*q + 8213. What is w(5)?
-2
Let z(s) = -6220*s + 8181. Give z(2).
-4259
Let a(j) = -j**2 + 63*j + 1221. Determine a(81).
-237
Let v(j) = -1135*j - 15886. What is v(-14)?
4
Let c(l) = 30*l**3 + 690*l**2 - 721*l - 15. Determine c(-24).
9
Let p(y) = 7*y**3 - 82*y**2 - 131*y - 36. Calculate p(13).
-218
Let d(u) = -8787*u + 571256. Give d(65).
101
Let a(h) = h**3 - 468*h**2 + 15155*h + 220. Determine a(35).
220
Let d(s) = -88*s**2 - 1947*s - 244. What is d(-22)?
-2
Let a(y) = 1501*y - 19387. Give a(13).
126
Let w(s) = -4*s**3 - 258*s**2 - 1169*s - 5352. Calculate w(-60).
-12
Let q(t) = -10*t**3 + 2*t**2 - 3365*t - 6728. Calculate q(-2).
90
Let h(g) = g**3 + 592*g**2 - 1671*g + 67830. What is h(-595)?
0
Let q(k) = 12*k**3 + 300*k**2 - 169*k - 4497. Give q(-25).
-272
Let r(m) = -2*m**3 - 102*m**2 - 3027*m - 180948. Calculate r(-54).
6
Let n(h) = -h**3 - 40*h**2 + 414*h + 3995. Determine n(-47).
0
Let k(m) = -m**3 - 121*m**2 + 615*m - 472. Give k(4).
-12
Let t(s) = -s**3 + 51*s**2 - 7710*s + 162516. Determine t(23).
-2
Let j(l) = -l**2 - 119*l + 3501. What is j(-143)?
69
Let t(l) = 64*l**3 - 3262*l**2 - 107*l + 297. Calculate t(51).
42
Let h(z) = 55*z - 1783. Give h(0).
-1783
Let b(j) = -544*j + 3776. What is b(7)?
-32
Let g(y) = -y**3 - 10*y**2 + 5*y - 31. Determine g(0).
-31
Let c(h) = 279*h**2 - 3974*h + 35. Calculate c(0).
35
Let q(r) = -r**3 - 29*r**2 + 42*r + 746. Determine q(-31).
1366
Let m(p) = 9*p**2 - 2650*p + 18155. Give m(7).
46
Let y(v) = v**2 - 662*v - 492615. What is y(-445)?
0
Let j(z) = -20*z**2 + 55*z - 2. What is j(6)?
-392
Let z(v) = 177*v**2 - 22253*v - 6179. Give z(126).
-5
Let r(u) = u**2 - 539*u + 72414. Calculate r(252).
90
Let c(a) = -a**3 + 51*a**2 - 490*a + 127. What is c(12)?
-137
Let s(c) = c**3 + 55*c**2 - 3647*c + 1782. Calculate s(-94).
-4
Let q(y) = -y**3 + 25*y**2 + 46*y - 252. What is q